9662665 and 2.
1
Calculate the highest common factor of 2374050 and 202470.
510
Calculate the greatest common factor of 89711 and 3361151.
317
Calculate the highest common divisor of 148512 and 54978.
714
What is the highest common divisor of 234 and 615238?
26
What is the highest common divisor of 13670652 and 127908?
3876
Calculate the greatest common divisor of 5589 and 576396.
243
What is the greatest common factor of 80591350 and 75?
25
What is the highest common divisor of 473460 and 939120?
780
Calculate the highest common divisor of 15818418 and 2541.
231
Calculate the greatest common divisor of 79034762 and 922.
922
Calculate the highest common divisor of 24658413 and 78.
39
Calculate the greatest common divisor of 4096 and 28249088.
1024
What is the highest common divisor of 116244 and 3501?
9
What is the highest common factor of 20710 and 33371985?
545
Calculate the greatest common divisor of 3597 and 751119.
327
Calculate the greatest common divisor of 866530980 and 15.
15
What is the highest common divisor of 18228335 and 680?
85
What is the greatest common divisor of 1589128 and 48?
8
What is the greatest common divisor of 613152 and 556128?
288
Calculate the highest common factor of 17792 and 3708937.
139
What is the highest common factor of 16836 and 5533188?
732
What is the highest common factor of 3426 and 252633?
3
Calculate the greatest common divisor of 728262 and 1890.
18
What is the highest common factor of 1611 and 10660703?
179
Calculate the highest common factor of 924 and 31306242.
66
What is the greatest common divisor of 549 and 30089409?
183
Calculate the highest common factor of 442674 and 648.
18
Calculate the highest common factor of 393422 and 115106.
1718
What is the greatest common divisor of 8532425 and 111967?
1349
Calculate the greatest common factor of 144330 and 2104770.
510
What is the greatest common factor of 3143 and 18739?
7
Calculate the highest common factor of 344 and 11517980.
172
What is the highest common factor of 2530 and 564345595?
1265
What is the highest common divisor of 216 and 123169608?
72
What is the greatest common factor of 63165973 and 208?
13
What is the highest common divisor of 10992 and 5648?
16
What is the highest common divisor of 41 and 52748919?
41
What is the highest common factor of 11583881 and 23?
23
Calculate the greatest common divisor of 486072 and 11736.
72
What is the highest common divisor of 2595235 and 315709?
5351
Calculate the highest common factor of 9842 and 985264.
266
Calculate the highest common factor of 2356 and 4534388.
76
What is the greatest common factor of 368 and 84328258?
46
Calculate the highest common factor of 1192832 and 6784.
128
What is the highest common divisor of 74 and 116084?
2
Calculate the highest common divisor of 7 and 8848784.
7
Calculate the highest common factor of 93793512 and 24.
24
What is the greatest common factor of 63699548 and 11?
11
Calculate the greatest common factor of 14430 and 96291.
39
Calculate the greatest common factor of 20751 and 202785689.
6917
Calculate the highest common divisor of 2200604 and 68.
4
What is the greatest common factor of 1456 and 70511896?
728
What is the highest common divisor of 499988 and 111613?
239
What is the highest common divisor of 41600 and 39349700?
1300
What is the highest common divisor of 91733244 and 48?
12
What is the greatest common factor of 54 and 1961776287?
27
Calculate the highest common divisor of 240 and 24987396.
12
What is the highest common divisor of 3397 and 933487?
43
What is the greatest common divisor of 10453753 and 549?
61
What is the highest common factor of 188 and 12194573?
47
What is the greatest common factor of 108424 and 10304?
8
Calculate the greatest common divisor of 8946 and 91831684.
994
What is the highest common divisor of 275866367 and 7?
7
Calculate the highest common divisor of 273525564 and 58916.
5356
Calculate the greatest common divisor of 2237003 and 299.
23
What is the highest common factor of 46 and 1976068?
46
What is the greatest common divisor of 848 and 1480061040?
848
What is the greatest common divisor of 1602346 and 826652?
5662
What is the greatest common divisor of 480 and 61568400?
240
Calculate the highest common factor of 6420 and 678.
6
What is the greatest common divisor of 436580020 and 8399?
8399
Calculate the greatest common divisor of 43 and 158605758.
43
Calculate the highest common divisor of 10 and 27634530.
10
Calculate the greatest common factor of 22173 and 71896.
19
Calculate the highest common factor of 80444 and 957047.
1183
What is the highest common divisor of 37260 and 30375?
405
What is the highest common divisor of 138360 and 40440?
120
Calculate the highest common factor of 20149291 and 644841.
7961
What is the highest common factor of 1188 and 656073?
297
Calculate the greatest common divisor of 17222 and 1283276.
158
What is the highest common factor of 492976 and 1711411?
2801
What is the greatest common factor of 2310034489 and 147?
49
What is the greatest common divisor of 1143 and 179217?
9
What is the highest common divisor of 8363097 and 2565?
171
What is the highest common factor of 70 and 1081649800?
70
Calculate the greatest common divisor of 49216343 and 187.
187
What is the highest common divisor of 253 and 19167731?
11
Calculate the greatest common divisor of 144 and 128790072.
72
Calculate the highest common factor of 32 and 607078.
2
What is the highest common divisor of 11115 and 3216510?
855
What is the highest common factor of 1649330 and 7878?
202
Calculate the greatest common factor of 73210 and 2214.
2
Calculate the greatest common factor of 348074 and 56722.
158
Calculate the highest common divisor of 1281 and 7178297.
427
Calculate the greatest common divisor of 2476 and 122721702.
1238
Calculate the highest common factor of 7304940 and 2160.
180
Calculate the greatest common divisor of 4997 and 155161847.
4997
Calculate the highest common factor of 4892 and 3821875.
1223
Calculate the greatest common divisor of 321 and 3122084841.
321
What is the greatest common factor of 559715 and 15805?
545
Calculate the greatest common factor of 2712640 and 718340.
980
Calculate the greatest common divisor of 13402342 and 4.
2
What is the highest common factor of 62653176 and 9720?
1944
What is the greatest common divisor of 16153904 and 494?
26
Calculate the greatest common divisor of 36 and 12131568.
36
Calculate the greatest common divisor of 303726 and 65562.
1338
Calculate the highest common factor of 3503640976 and 2272.
1136
Calculate the highest common divisor of 11572445 and 2085.
695
What is the greatest common factor of 575 and 477875?
25
Calculate the highest common factor of 66248 and 15873494.
2366
What is the highest common divisor of 221835 and 1965651?
1929
What is the greatest common factor of 35802636 and 384?
12
Calculate the highest common divisor of 14070 and 61776010.
670
Calculate the greatest common factor of 12879744 and 768.
384
Calculate the highest common factor of 53561 and 14972.
19
Calculate the greatest common factor of 4059 and 932709.
123
Calculate the highest common divisor of 7809 and 2485838970.
7809
What is the greatest common factor of 771444 and 4176?
36
Calculate the highest common factor of 26876048 and 1360.
272
What is the highest common divisor of 11704 and 13019636?
532
What is the greatest common factor of 41980 and 433490?
10
Calculate the highest common divisor of 776220936 and 48.
24
What is the highest common factor of 905811 and 8160?
51
What is the highest common factor of 46342 and 47748616?
2726
Calculate the highest common divisor of 5332 and 263332.
172
What is the highest common factor of 733806 and 188534?
214
What is the greatest common divisor of 81812 and 219372?
724
Calculate the highest common divisor of 11867079 and 3906.
651
Calculate the highest common factor of 4896 and 39152.
16
What is the greatest common factor of 3034 and 38739629?
1517
Calculate the highest common factor of 20736 and 27211008.
768
What is the greatest common divisor of 264 and 953864?
8
Calculate the greatest common divisor of 211850863 and 259.
259
Calculate the greatest common factor of 9930945 and 30.
15
What is the greatest common divisor 